-- https://www.phpmyadmin.net/
--

START TRANSACTION;



--
-- Database: `bcss`
--

-- --------------------------------------------------------

--
-- Table structure for table `activity_logs`
--

CREATE TABLE `activity_logs` (
  `id` bigint(20) UNSIGNED NOT NULL,
  `user_id` bigint(20) UNSIGNED DEFAULT NULL,
  `method` varchar(255) NOT NULL,
  `url` varchar(255) NOT NULL,
  `ip_address` varchar(255) NOT NULL,
  `user_agent` varchar(255) DEFAULT NULL,
  `payload` text DEFAULT NULL,
  `description` text DEFAULT NULL,
  `created_at` timestamp NULL DEFAULT NULL,
  `updated_at` timestamp NULL DEFAULT NULL
) ENGINE=InnoDB DEFAULT CHARSET=utf8mb4 COLLATE=utf8mb4_unicode_ci;

--
-- Dumping data for table `activity_logs`
--

INSERT INTO `activity_logs` (`id`, `user_id`, `method`, `url`, `ip_address`, `user_agent`, `payload`, `description`, `created_at`, `updated_at`) VALUES
(1, 8, 'POST', 'http://164.132.151.187/bcss/public/member/member/donation-request', '118.179.44.205', 'Mozilla/5.0 (Windows NT 10.0; Win64; x64) AppleWebKit/537.36 (KHTML, like Gecko) Chrome/137.0.0.0 Safari/537.36', NULL, 'Mostofa Shahadat Adnan created a new via POST request on module: Member', '2025-07-10 00:26:24', '2025-07-10 00:26:24'),
(2, 1, 'POST', 'http://164.132.151.187/bcss/public/admin/subscription-invoice/store', '118.179.44.205', 'Mozilla/5.0 (Windows NT 10.0; Win64; x64) AppleWebKit/537.36 (KHTML, like Gecko) Chrome/137.0.0.0 Safari/537.36', NULL, 'Mostofa Shahadat created a new Subscription Invoice via POST request on module: Subscription Invoice', '2025-07-10 00:32:39', '2025-07-10 00:32:39'),
(3, 1, 'POST', 'http://164.132.151.187/bcss/public/admin/subscription-invoice/store', '118.179.44.205', 'Mozilla/5.0 (Windows NT 10.0; Win64; x64) AppleWebKit/537.36 (KHTML, like Gecko) Chrome/137.0.0.0 Safari/537.36', NULL, 'Mostofa Shahadat created a new Subscription Invoice via POST request on module: Subscription Invoice', '2025-07-10 00:32:59', '2025-07-10 00:32:59'),
(4, 1, 'POST', 'http://164.132.151.187/bcss/public/admin/subscription-invoice/store', '118.179.44.205', 'Mozilla/5.0 (Windows NT 10.0; Win64; x64) AppleWebKit/537.36 (KHTML, like Gecko) Chrome/137.0.0.0 Safari/537.36', NULL, 'Mostofa Shahadat created a new Subscription Invoice via POST request on module: Subscription Invoice', '2025-07-10 00:33:15', '2025-07-10 00:33:15'),
(5, 1, 'POST', 'http://164.132.151.187/bcss/public/admin/invoice/store', '42.0.4.230', 'Mozilla/5.0 (Windows NT 10.0; Win64; x64) AppleWebKit/537.36 (KHTML, like Gecko) Chrome/138.0.0.0 Safari/537.36', NULL, 'Mostofa Shahadat created a new Invoice via POST request on module: Invoice', '2025-07-12 16:29:58', '2025-07-12 16:29:58'),
(6, 1, 'POST', 'http://164.132.151.187/bcss/public/admin/invoice/store', '42.0.4.230', 'Mozilla/5.0 (Windows NT 10.0; Win64; x64) AppleWebKit/537.36 (KHTML, like Gecko) Chrome/138.0.0.0 Safari/537.36', NULL, 'Mostofa Shahadat created a new Invoice via POST request on module: Invoice', '2025-07-12 16:30:10', '2025-07-12 16:30:10'),
(7, 8, 'POST', 'http://164.132.151.187/bcss/public/member/invoice/pay/2', '42.0.4.230', 'Mozilla/5.0 (Windows NT 10.0; Win64; x64) AppleWebKit/537.36 (KHTML, like Gecko) Chrome/138.0.0.0 Safari/537.36', NULL, 'Mostofa Shahadat Adnan created a new via POST request on module: Member', '2025-07-12 16:30:52', '2025-07-12 16:30:52'),
(8, 8, 'POST', 'http://164.132.151.187/bcss/public/member/member/donation-request', '42.0.4.230', 'Mozilla/5.0 (Windows NT 10.0; Win64; x64) AppleWebKit/537.36 (KHTML, like Gecko) Chrome/138.0.0.0 Safari/537.36', NULL, 'Mostofa Shahadat Adnan created a new via POST request on module: Member', '2025-07-12 16:33:05', '2025-07-12 16:33:05'),
(9, 1, 'POST', 'http://164.132.151.187/bcss/public/admin/invoice/payment-confirm-store', '42.0.4.230', 'Mozilla/5.0 (Windows NT 10.0; Win64; x64) AppleWebKit/537.36 (KHTML, like Gecko) Chrome/138.0.0.0 Safari/537.36', NULL, 'Mostofa Shahadat created a new via POST request on module: Invoice', '2025-07-12 16:34:20', '2025-07-12 16:34:20'),
(10, 1, 'POST', 'http://164.132.151.187/bcss/public/admin/invoice/payment-confirm-store', '42.0.4.230', 'Mozilla/5.0 (Windows NT 10.0; Win64; x64) AppleWebKit/537.36 (KHTML, like Gecko) Chrome/138.0.0.0 Safari/537.36', NULL, 'Mostofa Shahadat created a new via POST request on module: Invoice', '2025-07-12 16:34:20', '2025-07-12 16:34:20'),
(11, 1, 'POST', 'http://164.132.151.187/bcss/public/admin/donation-request/update-status-store/2', '42.0.4.230', 'Mozilla/5.0 (Windows NT 10.0; Win64; x64) AppleWebKit/537.36 (KHTML, like Gecko) Chrome/138.0.0.0 Safari/537.36', NULL, 'Mostofa Shahadat updated a Donation Request Manager via POST request on module: Donation Request Manager', '2025-07-12 16:35:32', '2025-07-12 16:35:32'),
(12, 1, 'POST', 'http://164.132.151.187/bcss/public/admin/donation-request/update-status-store/2', '42.0.4.230', 'Mozilla/5.0 (Windows NT 10.0; Win64; x64) AppleWebKit/537.36 (KHTML, like Gecko) Chrome/138.0.0.0 Safari/537.36', NULL, 'Mostofa Shahadat updated a Donation Request Manager via POST request on module: Donation Request Manager', '2025-07-12 16:35:32', '2025-07-12 16:35:32'),
(13, 1, 'POST', 'http://164.132.151.187/bcss/public/admin/support-manage/replyStore/7948480908', '42.0.4.230', 'Mozilla/5.0 (Windows NT 10.0; Win64; x64) AppleWebKit/537.36 (KHTML, like Gecko) Chrome/138.0.0.0 Safari/537.36', NULL, 'Mostofa Shahadat created a new via POST request on module: Support Manage', '2025-07-12 16:46:13', '2025-07-12 16:46:13'),
(14, 1, 'POST', 'http://164.132.151.187/bcss/public/admin/support-manage/replyStore/9732267354', '42.0.4.230', 'Mozilla/5.0 (Windows NT 10.0; Win64; x64) AppleWebKit/537.36 (KHTML, like Gecko) Chrome/138.0.0.0 Safari/537.36', NULL, 'Mostofa Shahadat created a new via POST request on module: Support Manage', '2025-07-12 16:46:25', '2025-07-12 16:46:25'),
(15, 1, 'POST', 'http://164.132.151.187/bcss/public/admin/donation-request/update-status-store/1', '103.87.251.226', 'Mozilla/5.0 (Windows NT 10.0; Win64; x64) AppleWebKit/537.36 (KHTML, like Gecko) Chrome/141.0.0.0 Safari/537.36', NULL, 'Mostofa Shahadat updated a Donation Request Manager via POST request on module: Donation Request Manager', '2025-10-17 15:48:55', '2025-10-17 15:48:55'),
(16, 1, 'POST', 'http://164.132.151.187/bcss/public/admin/donation-request/update-status-store/1', '103.87.251.226', 'Mozilla/5.0 (Windows NT 10.0; Win64; x64) AppleWebKit/537.36 (KHTML, like Gecko) Chrome/141.0.0.0 Safari/537.36', NULL, 'Mostofa Shahadat updated a Donation Request Manager via POST request on module: Donation Request Manager', '2025-10-17 15:48:56', '2025-10-17 15:48:56'),
(17, 1, 'POST', 'http://164.132.151.187/bcss/public/admin/donation-manage/update-status-store/1', '103.87.251.226', 'Mozilla/5.0 (Windows NT 10.0; Win64; x64) AppleWebKit/537.36 (KHTML, like Gecko) Chrome/141.0.0.0 Safari/537.36', NULL, 'Mostofa Shahadat updated a Donation Manage via POST request on module: Donation Manage', '2025-10-17 15:50:18', '2025-10-17 15:50:18'),
(18, 1, 'POST', 'http://164.132.151.187/bcss/public/admin/donation-manage/update-status-store/1', '103.87.251.226', 'Mozilla/5.0 (Windows NT 10.0; Win64; x64) AppleWebKit/537.36 (KHTML, like Gecko) Chrome/141.0.0.0 Safari/537.36', NULL, 'Mostofa Shahadat updated a Donation Manage via POST request on module: Donation Manage', '2025-10-17 15:50:19', '2025-10-17 15:50:19'),
(19, 1, 'POST', 'http://164.132.151.187/bcss/public/admin/page-setting/slider-setting', '103.87.251.226', 'Mozilla/5.0 (Windows NT 10.0; Win64; x64) AppleWebKit/537.36 (KHTML, like Gecko) Chrome/141.0.0.0 Safari/537.36', NULL, 'Mostofa Shahadat created a new via POST request on module: Page Setting', '2025-10-17 15:55:57', '2025-10-17 15:55:57'),
(20, 1, 'POST', 'http://164.132.151.187/bcss/public/admin/gallary/store', '103.87.251.226', 'Mozilla/5.0 (Windows NT 10.0; Win64; x64) AppleWebKit/537.36 (KHTML, like Gecko) Chrome/141.0.0.0 Safari/537.36', NULL, 'Mostofa Shahadat created a new Gallary via POST request on module: Gallary', '2025-10-17 15:56:55', '2025-10-17 15:56:55'),
(21, 1, 'POST', 'http://164.132.151.187/bcss/public/admin/gallary/store', '103.87.251.226', 'Mozilla/5.0 (Windows NT 10.0; Win64; x64) AppleWebKit/537.36 (KHTML, like Gecko) Chrome/141.0.0.0 Safari/537.36', NULL, 'Mostofa Shahadat created a new Gallary via POST request on module: Gallary', '2025-10-17 15:57:15', '2025-10-17 15:57:15'),
(22, 1, 'POST', 'http://164.132.151.187/bcss/public/admin/gallary/store', '103.87.251.226', 'Mozilla/5.0 (Windows NT 10.0; Win64; x64) AppleWebKit/537.36 (KHTML, like Gecko) Chrome/141.0.0.0 Safari/537.36', NULL, 'Mostofa Shahadat created a new Gallary via POST request on module: Gallary', '2025-10-17 15:57:41', '2025-10-17 15:57:41'),
(23, 1, 'POST', 'http://164.132.151.187/bcss/public/admin/gallary/store', '103.87.251.226', 'Mozilla/5.0 (Windows NT 10.0; Win64; x64) AppleWebKit/537.36 (KHTML, like Gecko) Chrome/141.0.0.0 Safari/537.36', NULL, 'Mostofa Shahadat created a new Gallary via POST request on module: Gallary', '2025-10-17 15:58:22', '2025-10-17 15:58:22'),
(24, 1, 'POST', 'http://164.132.151.187/bcss/public/admin/gallary/store', '103.87.251.226', 'Mozilla/5.0 (Windows NT 10.0; Win64; x64) AppleWebKit/537.36 (KHTML, like Gecko) Chrome/141.0.0.0 Safari/537.36', NULL, 'Mostofa Shahadat created a new Gallary via POST request on module: Gallary', '2025-10-17 15:58:52', '2025-10-17 15:58:52'),
(25, 1, 'POST', 'http://164.132.151.187/bcss/public/admin/gallary/store', '103.87.251.226', 'Mozilla/5.0 (Windows NT 10.0; Win64; x64) AppleWebKit/537.36 (KHTML, like Gecko) Chrome/141.0.0.0 Safari/537.36', NULL, 'Mostofa Shahadat created a new Gallary via POST request on module: Gallary', '2025-10-17 15:59:18', '2025-10-17 15:59:18'),
(26, 1, 'POST', 'http://164.132.151.187/bcss/public/admin/gallary/store', '103.87.251.226', 'Mozilla/5.0 (Windows NT 10.0; Win64; x64) AppleWebKit/537.36 (KHTML, like Gecko) Chrome/141.0.0.0 Safari/537.36', NULL, 'Mostofa Shahadat created a new Gallary via POST request on module: Gallary', '2025-10-17 15:59:38', '2025-10-17 15:59:38'),
(27, 1, 'POST', 'http://164.132.151.187/bcss/public/admin/gallary/store', '103.87.251.226', 'Mozilla/5.0 (Windows NT 10.0; Win64; x64) AppleWebKit/537.36 (KHTML, like Gecko) Chrome/141.0.0.0 Safari/537.36', NULL, 'Mostofa Shahadat created a new Gallary via POST request on module: Gallary', '2025-10-17 16:00:03', '2025-10-17 16:00:03'),
(28, 1, 'POST', 'http://164.132.151.187/bcss/public/admin/gallary/store', '103.87.251.226', 'Mozilla/5.0 (Windows NT 10.0; Win64; x64) AppleWebKit/537.36 (KHTML, like Gecko) Chrome/141.0.0.0 Safari/537.36', NULL, 'Mostofa Shahadat created a new Gallary via POST request on module: Gallary', '2025-10-17 16:03:40', '2025-10-17 16:03:40'),
(29, 1, 'POST', 'http://164.132.151.187/bcss/public/admin/gallary/store', '103.87.251.226', 'Mozilla/5.0 (Windows NT 10.0; Win64; x64) AppleWebKit/537.36 (KHTML, like Gecko) Chrome/141.0.0.0 Safari/537.36', NULL, 'Mostofa Shahadat created a new Gallary via POST request on module: Gallary', '2025-10-17 16:03:51', '2025-10-17 16:03:51'),
(30, 1, 'POST', 'http://164.132.151.187/bcss/public/admin/gallary/store', '103.87.251.226', 'Mozilla/5.0 (Windows NT 10.0; Win64; x64) AppleWebKit/537.36 (KHTML, like Gecko) Chrome/141.0.0.0 Safari/537.36', NULL, 'Mostofa Shahadat created a new Gallary via POST request on module: Gallary', '2025-10-17 16:04:11', '2025-10-17 16:04:11'),
(31, 1, 'POST', 'http://164.132.151.187/bcss/public/admin/gallary/store', '103.87.251.226', 'Mozilla/5.0 (Windows NT 10.0; Win64; x64) AppleWebKit/537.36 (KHTML, like Gecko) Chrome/141.0.0.0 Safari/537.36', NULL, 'Mostofa Shahadat created a new Gallary via POST request on module: Gallary', '2025-10-17 16:04:15', '2025-10-17 16:04:15'),
(32, 1, 'POST', 'http://164.132.151.187/bcss/public/admin/gallary/store', '103.87.251.226', 'Mozilla/5.0 (Windows NT 10.0; Win64; x64) AppleWebKit/537.36 (KHTML, like Gecko) Chrome/141.0.0.0 Safari/537.36', NULL, 'Mostofa Shahadat created a new Gallary via POST request on module: Gallary', '2025-10-17 16:04:34', '2025-10-17 16:04:34'),
(33, 1, 'POST', 'http://164.132.151.187/bcss/public/admin/gallary/store', '103.87.251.226', 'Mozilla/5.0 (Windows NT 10.0; Win64; x64) AppleWebKit/537.36 (KHTML, like Gecko) Chrome/141.0.0.0 Safari/537.36', NULL, 'Mostofa Shahadat created a new Gallary via POST request on module: Gallary', '2025-10-17 16:04:49', '2025-10-17 16:04:49'),
(34, 1, 'POST', 'http://164.132.151.187/bcss/public/admin/gallary/store', '103.87.251.226', 'Mozilla/5.0 (Windows NT 10.0; Win64; x64) AppleWebKit/537.36 (KHTML, like Gecko) Chrome/141.0.0.0 Safari/537.36', NULL, 'Mostofa Shahadat created a new Gallary via POST request on module: Gallary', '2025-10-17 16:09:13', '2025-10-17 16:09:13'),
(35, 1, 'POST', 'http://164.132.151.187/bcss/public/admin/gallary/store', '103.87.251.226', 'Mozilla/5.0 (Windows NT 10.0; Win64; x64) AppleWebKit/537.36 (KHTML, like Gecko) Chrome/141.0.0.0 Safari/537.36', NULL, 'Mostofa Shahadat created a new Gallary via POST request on module: Gallary', '2025-10-17 16:09:57', '2025-10-17 16:09:57'),
(36, 1, 'POST', 'http://164.132.151.187/bcss/public/admin/page-setting/about-setting', '103.87.251.226', 'Mozilla/5.0 (Windows NT 10.0; Win64; x64) AppleWebKit/537.36 (KHTML, like Gecko) Chrome/141.0.0.0 Safari/537.36', NULL, 'Mostofa Shahadat created a new via POST request on module: Page Setting', '2025-10-17 16:10:57', '2025-10-17 16:10:57'),
(37, 1, 'POST', 'http://164.132.151.187/bcss/public/admin/gallary/store', '103.87.251.226', 'Mozilla/5.0 (Windows NT 10.0; Win64; x64) AppleWebKit/537.36 (KHTML, like Gecko) Chrome/141.0.0.0 Safari/537.36', NULL, 'Mostofa Shahadat created a new Gallary via POST request on module: Gallary', '2025-10-17 16:12:18', '2025-10-17 16:12:18'),
(38, 1, 'POST', 'http://164.132.151.187/bcss/public/admin/gallary/store', '103.87.251.226', 'Mozilla/5.0 (Windows NT 10.0; Win64; x64) AppleWebKit/537.36 (KHTML, like Gecko) Chrome/141.0.0.0 Safari/537.36', NULL, 'Mostofa Shahadat created a new Gallary via POST request on module: Gallary', '2025-10-17 16:13:17', '2025-10-17 16:13:17'),
(39, 1, 'POST', 'http://164.132.151.187/bcss/public/admin/gallary/store', '103.87.251.226', 'Mozilla/5.0 (Windows NT 10.0; Win64; x64) AppleWebKit/537.36 (KHTML, like Gecko) Chrome/141.0.0.0 Safari/537.36', NULL, 'Mostofa Shahadat created a new Gallary via POST request on module: Gallary', '2025-10-17 16:14:53', '2025-10-17 16:14:53'),
(40, 1, 'POST', 'http://164.132.151.187/bcss/public/admin/gallary/store', '103.87.251.226', 'Mozilla/5.0 (Windows NT 10.0; Win64; x64) AppleWebKit/537.36 (KHTML, like Gecko) Chrome/141.0.0.0 Safari/537.36', NULL, 'Mostofa Shahadat created a new Gallary via POST request on module: Gallary', '2025-10-17 16:15:13', '2025-10-17 16:15:13'),
(41, 1, 'POST', 'http://164.132.151.187/bcss/public/admin/gallary/store', '103.87.251.226', 'Mozilla/5.0 (Windows NT 10.0; Win64; x64) AppleWebKit/537.36 (KHTML, like Gecko) Chrome/141.0.0.0 Safari/537.36', NULL, 'Mostofa Shahadat created a new Gallary via POST request on module: Gallary', '2025-10-17 16:15:21', '2025-10-17 16:15:21'),
(42, 1, 'POST', 'http://164.132.151.187/bcss/public/admin/gallary/store', '103.87.251.226', 'Mozilla/5.0 (Windows NT 10.0; Win64; x64) AppleWebKit/537.36 (KHTML, like Gecko) Chrome/141.0.0.0 Safari/537.36', NULL, 'Mostofa Shahadat created a new Gallary via POST request on module: Gallary', '2025-10-17 16:15:50', '2025-10-17 16:15:50'),
(43, 1, 'POST', 'http://164.132.151.187/bcss/public/admin/gallary/store', '103.87.251.226', 'Mozilla/5.0 (Windows NT 10.0; Win64; x64) AppleWebKit/537.36 (KHTML, like Gecko) Chrome/141.0.0.0 Safari/537.36', NULL, 'Mostofa Shahadat created a new Gallary via POST request on module: Gallary', '2025-10-17 16:16:37', '2025-10-17 16:16:37'),
(44, 1, 'POST', 'http://164.132.151.187/bcss/public/admin/gallary/store', '103.87.251.226', 'Mozilla/5.0 (Windows NT 10.0; Win64; x64) AppleWebKit/537.36 (KHTML, like Gecko) Chrome/141.0.0.0 Safari/537.36', NULL, 'Mostofa Shahadat created a new Gallary via POST request on module: Gallary', '2025-10-17 16:17:14', '2025-10-17 16:17:14'),
(45, 1, 'POST', 'http://164.132.151.187/bcss/public/admin/gallary/store', '103.87.251.226', 'Mozilla/5.0 (Windows NT 10.0; Win64; x64) AppleWebKit/537.36 (KHTML, like Gecko) Chrome/141.0.0.0 Safari/537.36', NULL, 'Mostofa Shahadat created a new Gallary via POST request on module: Gallary', '2025-10-17 16:17:44', '2025-10-17 16:17:44'),
(46, 1, 'POST', 'http://164.132.151.187/bcss/public/admin/gallary/store', '103.87.251.226', 'Mozilla/5.0 (Windows NT 10.0; Win64; x64) AppleWebKit/537.36 (KHTML, like Gecko) Chrome/141.0.0.0 Safari/537.36', NULL, 'Mostofa Shahadat created a new Gallary via POST request on module: Gallary', '2025-10-17 16:18:05', '2025-10-17 16:18:05'),
(47, 1, 'POST', 'http://164.132.151.187/bcss/public/admin/gallary/store', '103.87.251.226', 'Mozilla/5.0 (Windows NT 10.0; Win64; x64) AppleWebKit/537.36 (KHTML, like Gecko) Chrome/141.0.0.0 Safari/537.36', NULL, 'Mostofa Shahadat created a new Gallary via POST request on module: Gallary', '2025-10-17 16:18:37', '2025-10-17 16:18:37'),
(48, 1, 'POST', 'http://164.132.151.187/bcss/public/admin/gallary/store', '103.87.251.226', 'Mozilla/5.0 (Windows NT 10.0; Win64; x64) AppleWebKit/537.36 (KHTML, like Gecko) Chrome/141.0.0.0 Safari/537.36', NULL, 'Mostofa Shahadat created a new Gallary via POST request on module: Gallary', '2025-10-17 16:25:41', '2025-10-17 16:25:41'),
(49, 1, 'POST', 'http://164.132.151.187/bcss/public/admin/gallary/store', '103.87.251.226', 'Mozilla/5.0 (Windows NT 10.0; Win64; x64) AppleWebKit/537.36 (KHTML, like Gecko) Chrome/141.0.0.0 Safari/537.36', NULL, 'Mostofa Shahadat created a new Gallary via POST request on module: Gallary', '2025-10-17 16:30:20', '2025-10-17 16:30:20'),
(50, 1, 'POST', 'http://164.132.151.187/bcss/public/admin/gallary/store', '103.87.251.226', 'Mozilla/5.0 (Windows NT 10.0; Win64; x64) AppleWebKit/537.36 (KHTML, like Gecko) Chrome/141.0.0.0 Safari/537.36', NULL, 'Mostofa Shahadat created a new Gallary via POST request on module: Gallary', '2025-10-17 16:30:58', '2025-10-17 16:30:58'),
(51, 1, 'POST', 'http://164.132.151.187/bcss/public/admin/gallary/store', '103.87.251.226', 'Mozilla/5.0 (Windows NT 10.0; Win64; x64) AppleWebKit/537.36 (KHTML, like Gecko) Chrome/141.0.0.0 Safari/537.36', NULL, 'Mostofa Shahadat created a new Gallary via POST request on module: Gallary', '2025-10-17 16:31:58', '2025-10-17 16:31:58'),
(52, 1, 'POST', 'http://164.132.151.187/bcss/public/admin/donation-request/update-status-store/2', '103.87.251.226', 'Mozilla/5.0 (Windows NT 10.0; Win64; x64) AppleWebKit/537.36 (KHTML, like Gecko) Chrome/141.0.0.0 Safari/537.36', NULL, 'Mostofa Shahadat updated a Donation Request Manager via POST request on module: Donation Request Manager', '2025-10-17 16:51:29', '2025-10-17 16:51:29'),
(53, 1, 'POST', 'http://164.132.151.187/bcss/public/admin/donation-request/update-status-store/2', '103.87.251.226', 'Mozilla/5.0 (Windows NT 10.0; Win64; x64) AppleWebKit/537.36 (KHTML, like Gecko) Chrome/141.0.0.0 Safari/537.36', NULL, 'Mostofa Shahadat updated a Donation Request Manager via POST request on module: Donation Request Manager', '2025-10-17 16:51:29', '2025-10-17 16:51:29'),
(54, 1, 'POST', 'http://164.132.151.187/bcss/public/admin/page-setting/slider-setting', '95.84.64.133', 'Mozilla/5.0 (Windows NT 10.0; Win64; x64) AppleWebKit/537.36 (KHTML, like Gecko) Chrome/141.0.0.0 Safari/537.36', NULL, 'Mostofa Shahadat created a new via POST request on module: Page Setting', '2025-10-17 17:30:02', '2025-10-17 17:30:02');

-- --------------------------------------------------------

--
-- Table structure for table `bill_types`
--

CREATE TABLE `bill_types` (
  `id` bigint(20) UNSIGNED NOT NULL,
  `name` varchar(255) DEFAULT NULL,
  `amount` decimal(12,2) NOT NULL,
  `status` enum('active','inactive') NOT NULL DEFAULT 'active',
  `created_at` timestamp NULL DEFAULT NULL,
  `updated_at` timestamp NULL DEFAULT NULL
) ENGINE=InnoDB DEFAULT CHARSET=utf8mb4 COLLATE=utf8mb4_unicode_ci;

--
-- Dumping data for table `bill_types`
--

INSERT INTO `bill_types` (`id`, `name`, `amount`, `status`, `created_at`, `updated_at`) VALUES
(1, 'Monthly', 5000.00, 'active', '2025-06-27 15:53:30', '2025-06-28 07:13:17');

-- --------------------------------------------------------

--
-- Table structure for table `committee_details`
--

CREATE TABLE `committee_details` (
  `id` bigint(20) UNSIGNED NOT NULL,
  `order` tinyint(4) DEFAULT NULL,
  `committee_id` bigint(20) UNSIGNED DEFAULT NULL,
  `member_name` varchar(255) DEFAULT NULL,
  `member_id` bigint(20) UNSIGNED DEFAULT NULL,
  `designation` varchar(255) DEFAULT NULL,
  `designation_id` bigint(20) UNSIGNED DEFAULT NULL,
  `photo` varchar(255) DEFAULT NULL,
  `created_at` timestamp NULL DEFAULT NULL,
  `updated_at` timestamp NULL DEFAULT NULL
) ENGINE=InnoDB DEFAULT CHARSET=utf8mb4 COLLATE=utf8mb4_unicode_ci;

--
-- Dumping data for table `committee_details`
--

INSERT INTO `committee_details` (`id`, `order`, `committee_id`, `member_name`, `member_id`, `designation`, `designation_id`, `photo`, `created_at`, `updated_at`) VALUES
(4, 1, 1, NULL, 1, NULL, 1, NULL, '2025-06-27 12:30:59', '2025-06-27 12:30:59'),
(5, 2, 1, NULL, 3, NULL, 3, NULL, '2025-06-27 12:30:59', '2025-06-27 12:30:59'),
(6, 3, 1, NULL, 2, NULL, 4, NULL, '2025-06-27 12:30:59', '2025-06-27 12:30:59');

-- --------------------------------------------------------

--
-- Table structure for table `companies`
--

CREATE TABLE `companies` (
  `id` bigint(20) UNSIGNED NOT NULL,
  `company_name` varchar(255) DEFAULT NULL,
  `license_number` varchar(255) DEFAULT NULL,
  `est` varchar(255) DEFAULT NULL,
  `address` varchar(255) DEFAULT NULL,
  `mobile` varchar(255) DEFAULT NULL,
  `email` varchar(255) DEFAULT NULL,
  `website` varchar(255) DEFAULT NULL,
  `logo` varchar(255) DEFAULT NULL,
  `created_at` timestamp NULL DEFAULT NULL,
  `updated_at` timestamp NULL DEFAULT NULL
) ENGINE=InnoDB DEFAULT CHARSET=utf8mb4 COLLATE=utf8mb4_unicode_ci;

--
-- Dumping data for table `companies`
--

INSERT INTO `companies` (`id`, `company_name`, `license_number`, `est`, `address`, `mobile`, `email`, `website`, `logo`, `created_at`, `updated_at`) VALUES
(1, 'Bangladesh Cultural & Social Society', '123123', NULL, 'Manama, Kingdom of Bahrain', '33699727', 'info@bdsocitybh.com', 'www.bdsocitybh.com', 'logo-2.png', NULL, '2025-06-21 14:33:18');

-- --------------------------------------------------------

--
-- Table structure for table `designations`
--

CREATE TABLE `designations` (
  `id` bigint(20) UNSIGNED NOT NULL,
  `name` varchar(255) NOT NULL,
  `order` tinyint(4) NOT NULL DEFAULT 0,
  `created_at` timestamp NULL DEFAULT NULL,
  `updated_at` timestamp NULL DEFAULT NULL
) ENGINE=InnoDB DEFAULT CHARSET=utf8mb4 COLLATE=utf8mb4_unicode_ci;

--
-- Dumping data for table `designations`
--

INSERT INTO `designations` (`id`, `name`, `order`, `created_at`, `updated_at`) VALUES
(1, 'President', 1, '2025-06-21 14:44:12', '2025-06-21 14:44:12'),
(3, 'Vice President', 2, '2025-06-26 05:49:48', '2025-06-26 05:49:48'),
(4, 'General Secretary', 3, '2025-06-26 05:50:03', '2025-06-26 05:50:03'),
(5, 'Treasurer', 4, '2025-06-26 05:50:12', '2025-06-26 05:50:12'),
(6, 'Member', 5, '2025-06-26 05:50:21', '2025-06-26 05:50:21');

-- --------------------------------------------------------

--
-- Table structure for table `donationrequests`
--

CREATE TABLE `donationrequests` (
  `id` bigint(20) UNSIGNED NOT NULL,
  `request_no` varchar(255) DEFAULT NULL,
  `user_id` bigint(20) UNSIGNED DEFAULT NULL,
  `member_id` bigint(20) UNSIGNED DEFAULT NULL,
  `name` varchar(255) NOT NULL,
  `email` varchar(255) DEFAULT NULL,
  `mobile` varchar(255) NOT NULL,
  `address` text NOT NULL,
  `person` varchar(255) DEFAULT NULL,
  `remark` text DEFAULT NULL,
  `attachment` varchar(255) DEFAULT NULL,
  `status` enum('pending','publish','approved','rejected','complete') NOT NULL DEFAULT 'pending',
  `payment_status` enum('paid','unpaid') NOT NULL DEFAULT 'unpaid',
  `payment_type` enum('mobile_bank','bank','cash') DEFAULT NULL,
  `transaction_no` varchar(255) DEFAULT NULL,
  `account_id` bigint(20) UNSIGNED DEFAULT NULL,
  `payment_date` date DEFAULT NULL,
  `payment_by` varchar(255) DEFAULT NULL,
  `created_at` timestamp NULL DEFAULT NULL,
  `updated_at` timestamp NULL DEFAULT NULL
) ENGINE=InnoDB DEFAULT CHARSET=utf8mb4 COLLATE=utf8mb4_unicode_ci;

--
-- Dumping data for table `donationrequests`
--

INSERT INTO `donationrequests` (`id`, `request_no`, `user_id`, `member_id`, `name`, `email`, `mobile`, `address`, `person`, `remark`, `attachment`, `status`, `payment_status`, `payment_type`, `transaction_no`, `account_id`, `payment_date`, `payment_by`, `created_at`, `updated_at`) VALUES
(1, '1704960772', NULL, NULL, 'adnan', NULL, '0189743746', 'dhaka', 'adnan', NULL, 'attachments/Hy1BCtz2PtXBddTM8LkfmjSICAXMRhwDXhPEOb8n.png', 'publish', 'unpaid', NULL, NULL, NULL, NULL, NULL, '2025-10-17 15:47:30', '2025-10-17 15:48:55'),
(2, '9526735946', 14, NULL, 'adnan', NULL, '436546753', 'address', NULL, 'dsfghfsgdg', 'attachments/8aUJkhj4JuSxVU6BgtXYeW9g0gLeTuIGuKOizEFV.jpg', 'publish', 'unpaid', NULL, NULL, NULL, NULL, NULL, '2025-10-17 16:50:45', '2025-10-17 16:51:29');

-- --------------------------------------------------------

--
-- Table structure for table `donations`
--

CREATE TABLE `donations` (
  `id` bigint(20) UNSIGNED NOT NULL,
  `donation_request_id` bigint(20) UNSIGNED DEFAULT NULL,
  `donation_amount` decimal(12,2) NOT NULL,
  `invoice_no` varchar(255) NOT NULL,
  `payment_status` enum('paid','unpaid') NOT NULL DEFAULT 'unpaid',
  `donor_name` varchar(255) NOT NULL,
  `donor_email` varchar(255) DEFAULT NULL,
  `mobile` varchar(255) NOT NULL,
  `payment_type` enum('mobile_bank','bank','cash') NOT NULL,
  `transaction_no` varchar(255) DEFAULT NULL,
  `account_id` bigint(20) UNSIGNED DEFAULT NULL,
  `remark` text DEFAULT NULL,
  `received_date` date DEFAULT NULL,
  `received_by` varchar(255) DEFAULT NULL,
  `member_id` bigint(20) UNSIGNED DEFAULT NULL,
  `user_id` bigint(20) UNSIGNED DEFAULT NULL,
  `created_at` timestamp NULL DEFAULT NULL,
  `updated_at` timestamp NULL DEFAULT NULL
) ENGINE=InnoDB DEFAULT CHARSET=utf8mb4 COLLATE=utf8mb4_unicode_ci;

--
-- Dumping data for table `donations`
--

INSERT INTO `donations` (`id`, `donation_request_id`, `donation_amount`, `invoice_no`, `payment_status`, `donor_name`, `donor_email`, `mobile`, `payment_type`, `transaction_no`, `account_id`, `remark`, `received_date`, `received_by`, `member_id`, `user_id`, `created_at`, `updated_at`) VALUES
(1, NULL, 4000.00, 'INV-VMEGON3D', 'paid', 'donar', 'donar@gmail.com', '01780911990', 'bank', '3457', 1, NULL, NULL, NULL, NULL, 14, '2025-10-17 15:49:36', '2025-10-17 15:50:18'),
(2, NULL, 5000.00, 'INV-FWNIIESY', 'unpaid', 'donar', 'donar@gmail.com', '01780911990', 'bank', '4454', 1, NULL, NULL, NULL, NULL, 14, '2025-10-17 16:52:24', '2025-10-17 16:52:24');

-- --------------------------------------------------------

--
-- Table structure for table `expenses`
--

CREATE TABLE `expenses` (
  `id` bigint(20) UNSIGNED NOT NULL,
  `branch_id` bigint(20) UNSIGNED DEFAULT NULL,
  `date` date NOT NULL,
  `expense_type_id` bigint(20) UNSIGNED NOT NULL,
  `account_id` bigint(20) UNSIGNED NOT NULL,
  `transection_id` bigint(20) UNSIGNED DEFAULT NULL,
  `vouche_no` varchar(255) DEFAULT NULL,
  `amount` double NOT NULL DEFAULT 0,
  `payment_status` enum('paid','unpaid') NOT NULL DEFAULT 'unpaid',
  `remark` text DEFAULT NULL,
  `payment_by` varchar(255) DEFAULT NULL,
  `created_by` bigint(20) UNSIGNED DEFAULT NULL,
  `updated_by` bigint(20) UNSIGNED DEFAULT NULL,
  `created_at` timestamp NULL DEFAULT NULL,
  `updated_at` timestamp NULL DEFAULT NULL
) ENGINE=InnoDB DEFAULT CHARSET=utf8mb4 COLLATE=utf8mb4_unicode_ci;

-- --------------------------------------------------------

--
-- Table structure for table `expense_types`
--

CREATE TABLE `expense_types` (
  `id` bigint(20) UNSIGNED NOT NULL,
  `name` varchar(255) DEFAULT NULL,
  `status` enum('active','inactive') NOT NULL DEFAULT 'active',
  `created_by` bigint(20) UNSIGNED DEFAULT NULL,
  `updated_by` bigint(20) UNSIGNED DEFAULT NULL,
  `created_at` timestamp NULL DEFAULT NULL,
  `updated_at` timestamp NULL DEFAULT NULL
) ENGINE=InnoDB DEFAULT CHARSET=utf8mb4 COLLATE=utf8mb4_unicode_ci;

--
-- Dumping data for table `expense_types`
--

INSERT INTO `expense_types` (`id`, `name`, `status`, `created_by`, `updated_by`, `created_at`, `updated_at`) VALUES
(1, 'House Rent', 'active', 1, NULL, '2025-07-09 16:57:17', '2025-07-09 16:57:17');

-- --------------------------------------------------------

--
-- Table structure for table `failed_jobs`
--

CREATE TABLE `failed_jobs` (
  `id` bigint(20) UNSIGNED NOT NULL,
  `uuid` varchar(255) NOT NULL,
  `connection` text NOT NULL,
  `queue` text NOT NULL,
  `payload` longtext NOT NULL,
  `exception` longtext NOT NULL,
  `failed_at` timestamp NOT NULL DEFAULT current_timestamp()
) ENGINE=InnoDB DEFAULT CHARSET=utf8mb4 COLLATE=utf8mb4_unicode_ci;

-- --------------------------------------------------------

--
-- Table structure for table `faqs`
--

CREATE TABLE `faqs` (
  `id` bigint(20) UNSIGNED NOT NULL,
  `name` varchar(255) DEFAULT NULL,
  `details` varchar(255) DEFAULT NULL,
  `created_at` timestamp NULL DEFAULT NULL,
  `updated_at` timestamp NULL DEFAULT NULL
) ENGINE=InnoDB DEFAULT CHARSET=utf8mb4 COLLATE=utf8mb4_unicode_ci;

--
-- Dumping data for table `faqs`
--

INSERT INTO `faqs` (`id`, `name`, `details`, `created_at`, `updated_at`) VALUES
(1, 'Quession 1', 'Lorem Ipsum is slechts een proeftekst uit het drukkerij- en zetterijwezen. Lorem Ipsum is de standaard proeftekst', '2025-06-21 14:05:45', '2025-06-21 14:05:45'),
(2, 'Quession 2', 'Lorem Ipsum is slechts een proeftekst uit het drukkerij- en zetterijwezen. Lorem Ipsum is de standaard proeftekst', '2025-06-21 14:06:02', '2025-06-21 14:06:02'),
(3, 'Quession 3', 'Lorem Ipsum is slechts een proeftekst uit het drukkerij- en zetterijwezen. Lorem Ipsum is de standaard proeftekst', '2025-06-21 14:06:17', '2025-06-21 14:06:17');

-- --------------------------------------------------------

--
-- Table structure for table `features`
--

CREATE TABLE `features` (
  `id` bigint(20) UNSIGNED NOT NULL,
  `title` varchar(255) DEFAULT NULL,
  `image` varchar(255) DEFAULT NULL,
  `description` text DEFAULT NULL,
  `icon` varchar(255) DEFAULT NULL,
  `created_at` timestamp NULL DEFAULT NULL,
  `updated_at` timestamp NULL DEFAULT NULL
) ENGINE=InnoDB DEFAULT CHARSET=utf8mb4 COLLATE=utf8mb4_unicode_ci;

--
-- Dumping data for table `features`
--

INSERT INTO `features` (`id`, `title`, `image`, `description`, `icon`, `created_at`, `updated_at`) VALUES
(5, 'Community Assistance', NULL, 'We support underprivileged families with food, clothing, and daily essentials during critical times.', '<i class=\"fas fa-hands-helping fa-3x\"></i>', '2025-06-21 14:04:10', '2025-06-21 14:04:10'),
(6, 'Education Support', NULL, 'Providing books, school supplies, and scholarships to ensure every child has access to learning.', '<i class=\"fas fa-book-reader fa-3x\"></i>', '2025-06-21 14:04:10', '2025-06-21 14:04:10'),
(7, 'Cultural Empowerment', NULL, 'Preserving Bengali traditions while fostering unity through cultural events, art, and community gatherings.', '<i class=\"fas fa-users fa-3x\"></i>', '2025-06-21 14:04:10', '2025-06-21 14:04:10'),
(8, 'Emergency Relief', NULL, 'Rapid response during natural disasters with medical aid, shelter, and emergency support for affected families.', '<i class=\"fas fa-first-aid fa-3x\"></i>', '2025-06-21 14:04:10', '2025-06-21 14:04:10');

-- --------------------------------------------------------

--
-- Table structure for table `fixed_assets`
--

CREATE TABLE `fixed_assets` (
  `id` bigint(20) UNSIGNED NOT NULL,
  `name` varchar(255) NOT NULL,
  `category` varchar(255) DEFAULT NULL,
  `value` decimal(12,2) NOT NULL,
  `quantity` int(11) NOT NULL DEFAULT 1,
  `location` varchar(255) DEFAULT NULL,
  `purchase_date` date DEFAULT NULL,
  `description` text DEFAULT NULL,
  `status` enum('active','damaged','disposed') NOT NULL DEFAULT 'active',
  `created_at` timestamp NULL DEFAULT NULL,
  `updated_at` timestamp NULL DEFAULT NULL
) ENGINE=InnoDB DEFAULT CHARSET=utf8mb4 COLLATE=utf8mb4_unicode_ci;

-- --------------------------------------------------------

--
-- Table structure for table `gallaries`
--

CREATE TABLE `gallaries` (
  `id` bigint(20) UNSIGNED NOT NULL,
  `title` varchar(255) DEFAULT NULL,
  `image` varchar(255) DEFAULT NULL,
  `created_at` timestamp NULL DEFAULT NULL,
  `updated_at` timestamp NULL DEFAULT NULL
) ENGINE=InnoDB DEFAULT CHARSET=utf8mb4 COLLATE=utf8mb4_unicode_ci;

--
-- Dumping data for table `gallaries`
--

INSERT INTO `gallaries` (`id`, `title`, `image`, `created_at`, `updated_at`) VALUES
(6, 'G-1', 'gallary-1760716615.jpg', '2025-10-17 15:56:55', '2025-10-17 15:56:55'),
(7, 'g-2', 'gallary-1760716635.jpg', '2025-10-17 15:57:15', '2025-10-17 15:57:15'),
(9, 'g-4', 'gallary-1760716702.jpeg', '2025-10-17 15:58:22', '2025-10-17 15:58:22'),
(10, 'g-6', 'gallary-1760716732.jpeg', '2025-10-17 15:58:52', '2025-10-17 15:58:52'),
(11, 'g-7', 'gallary-1760716758.jpeg', '2025-10-17 15:59:18', '2025-10-17 15:59:18'),
(12, 'g-5', 'gallary-1760716778.jpeg', '2025-10-17 15:59:38', '2025-10-17 15:59:38'),
(13, 'g-7', 'gallary-1760716803.jpg', '2025-10-17 16:00:03', '2025-10-17 16:00:03'),
(14, 'g', 'gallary-1760717031.jpeg', '2025-10-17 16:03:51', '2025-10-17 16:03:51'),
(15, 'BCSS', 'gallary-1760717055.jpg', '2025-10-17 16:04:15', '2025-10-17 16:04:15'),
(16, 'BCSS', 'gallary-1760717074.jpg', '2025-10-17 16:04:34', '2025-10-17 16:04:34'),
(17, 'BCSS', 'gallary-1760717089.jpg', '2025-10-17 16:04:49', '2025-10-17 16:04:49'),
(18, 'G-5', 'gallary-1760717353.jpg', '2025-10-17 16:09:13', '2025-10-17 16:09:13'),
(19, 'G5', 'gallary-1760717397.jpg', '2025-10-17 16:09:57', '2025-10-17 16:09:57'),
(20, 'F-4', 'gallary-1760717538.jpeg', '2025-10-17 16:12:18', '2025-10-17 16:12:18'),
(21, 'Business', 'gallary-1760717597.jpeg', '2025-10-17 16:13:17', '2025-10-17 16:13:17'),
(22, 'f5', 'gallary-1760717693.jpg', '2025-10-17 16:14:53', '2025-10-17 16:14:53'),
(23, 'culture', 'gallary-1760717721.jpg', '2025-10-17 16:15:21', '2025-10-17 16:15:21'),
(24, 'sa', 'gallary-1760717750.jpeg', '2025-10-17 16:15:50', '2025-10-17 16:15:50'),
(25, 'as', 'gallary-1760717797.jpeg', '2025-10-17 16:16:37', '2025-10-17 16:16:37'),
(26, 'w', 'gallary-1760717834.JPG', '2025-10-17 16:17:14', '2025-10-17 16:17:14'),
(27, 'ifter', 'gallary-1760717864.jpg', '2025-10-17 16:17:44', '2025-10-17 16:17:44'),
(28, 'ifter', 'gallary-1760717885.jpg', '2025-10-17 16:18:05', '2025-10-17 16:18:05'),
(29, 'help', 'gallary-1760717917.jpg', '2025-10-17 16:18:37', '2025-10-17 16:18:37'),
(30, 'help', 'gallary-1760718341.jpg', '2025-10-17 16:25:41', '2025-10-17 16:25:41'),
(31, 'Kurbani', 'gallary-1760718620.jpeg', '2025-10-17 16:30:20', '2025-10-17 16:30:20'),
(32, 'Linnas', 'gallary-1760718658.jpeg', '2025-10-17 16:30:58', '2025-10-17 16:30:58'),
(33, 'Help', 'gallary-1760718718.jpeg', '2025-10-17 16:31:58', '2025-10-17 16:31:58');

-- --------------------------------------------------------

--
-- Table structure for table `incomes`
--

CREATE TABLE `incomes` (
  `id` bigint(20) UNSIGNED NOT NULL,
  `income_type_id` bigint(20) UNSIGNED NOT NULL,
  `title` varchar(255) NOT NULL,
  `description` text DEFAULT NULL,
  `amount` decimal(12,2) NOT NULL,
  `income_date` date NOT NULL,
  `payment_date` date DEFAULT NULL,
  `payment_type` varchar(255) DEFAULT NULL,
  `transaction_no` varchar(255) DEFAULT NULL,
  `payment_status` enum('paid','unpaid') NOT NULL DEFAULT 'unpaid',
  `account_id` bigint(20) UNSIGNED DEFAULT NULL,
  `payment_remark` text DEFAULT NULL,
  `received_date` date DEFAULT NULL,
  `received_by` varchar(255) DEFAULT NULL,
  `created_at` timestamp NULL DEFAULT NULL,
  `updated_at` timestamp NULL DEFAULT NULL
) ENGINE=InnoDB DEFAULT CHARSET=utf8mb4 COLLATE=utf8mb4_unicode_ci;

-- --------------------------------------------------------

--
-- Table structure for table `income_types`
--

CREATE TABLE `income_types` (
  `id` bigint(20) UNSIGNED NOT NULL,
  `name` varchar(255) NOT NULL,
  `created_at` timestamp NULL DEFAULT NULL,
  `updated_at` timestamp NULL DEFAULT NULL
) ENGINE=InnoDB DEFAULT CHARSET=utf8mb4 COLLATE=utf8mb4_unicode_ci;

--
-- Dumping data for table `income_types`
--

INSERT INTO `income_types` (`id`, `name`, `created_at`, `updated_at`) VALUES
(1, 'Events', '2025-07-09 21:48:01', '2025-07-09 21:48:01');

-- --------------------------------------------------------

--
-- Table structure for table `invoices`
--

CREATE TABLE `invoices` (
  `id` bigint(20) UNSIGNED NOT NULL,
  `invoice_no` varchar(255) NOT NULL,
  `invoice_date` date DEFAULT NULL,
  `amount` decimal(12,2) NOT NULL,
  `bill_type_id` bigint(20) UNSIGNED DEFAULT NULL,
  `subscription_id` bigint(20) UNSIGNED DEFAULT NULL,
  `payment_status` enum('paid','unpaid') NOT NULL DEFAULT 'unpaid',
  `member_id` bigint(20) UNSIGNED DEFAULT NULL,
  `last_due_date` date DEFAULT NULL,
  `bill_period` varchar(255) DEFAULT NULL,
  `bill_period_start` date DEFAULT NULL,
  `bill_period_end` date DEFAULT NULL,
  `remark` text DEFAULT NULL,
  `create_by` bigint(20) UNSIGNED DEFAULT NULL,
  `is_payment_submit` tinyint(1) NOT NULL DEFAULT 0,
  `payment_date` date DEFAULT NULL,
  `payment_type` varchar(255) DEFAULT NULL,
  `transaction_no` varchar(255) DEFAULT NULL,
  `account_id` bigint(20) UNSIGNED DEFAULT NULL,
  `payment_remark` text DEFAULT NULL,
  `received_date` date DEFAULT NULL,
  `received_by` varchar(255) DEFAULT NULL,
  `type` enum('member','subscription') NOT NULL DEFAULT 'member',
  `orgenizer_id` bigint(20) DEFAULT NULL,
  `created_at` timestamp NULL DEFAULT NULL,
  `updated_at` timestamp NULL DEFAULT NULL
) ENGINE=InnoDB DEFAULT CHARSET=utf8mb4 COLLATE=utf8mb4_unicode_ci;

--
-- Dumping data for table `invoices`
--

INSERT INTO `invoices` (`id`, `invoice_no`, `invoice_date`, `amount`, `bill_type_id`, `subscription_id`, `payment_status`, `member_id`, `last_due_date`, `bill_period`, `bill_period_start`, `bill_period_end`, `remark`, `create_by`, `is_payment_submit`, `payment_date`, `payment_type`, `transaction_no`, `account_id`, `payment_remark`, `received_date`, `received_by`, `type`, `orgenizer_id`, `created_at`, `updated_at`) VALUES
(1, 'INV785575', '2025-07-05', 2000.00, NULL, 1, 'unpaid', NULL, '2025-07-12', 'monthly', '2025-07-05', '2025-08-05', 'Auto-generated for subscription', 1, 0, NULL, NULL, NULL, NULL, NULL, NULL, NULL, 'subscription', 1, '2025-07-04 22:20:12', '2025-07-04 22:20:12'),
(2, 'INV-20250712-1-0001', '2025-07-12', 5000.00, 1, NULL, 'paid', 1, '2025-07-12', 'monthly', '2025-06-28', '2025-07-27', NULL, 1, 1, '2025-07-12', 'bank', '454545', 1, NULL, '2025-07-12', 'adnan', 'member', NULL, NULL, '2025-07-12 16:34:20'),
(3, 'INV-20250712-2-0001', '2025-07-12', 5000.00, 1, NULL, 'unpaid', 2, '2025-07-12', 'monthly', '2025-06-28', '2025-07-27', NULL, 1, 0, NULL, NULL, NULL, NULL, NULL, NULL, NULL, 'member', NULL, NULL, NULL),
(4, 'INV-20250712-3-0001', '2025-07-12', 5000.00, 1, NULL, 'unpaid', 3, '2025-07-12', 'monthly', '2025-06-28', '2025-07-27', NULL, 1, 0, NULL, NULL, NULL, NULL, NULL, NULL, NULL, 'member', NULL, NULL, NULL);

-- --------------------------------------------------------

--
-- Table structure for table `jobs`
--

CREATE TABLE `jobs` (
  `id` bigint(20) UNSIGNED NOT NULL,
  `queue` varchar(255) NOT NULL,
  `payload` longtext NOT NULL,
  `attempts` tinyint(3) UNSIGNED NOT NULL,
  `reserved_at` int(10) UNSIGNED DEFAULT NULL,
  `available_at` int(10) UNSIGNED NOT NULL,
  `created_at` int(10) UNSIGNED NOT NULL
) ENGINE=InnoDB DEFAULT CHARSET=utf8mb4 COLLATE=utf8mb4_unicode_ci;

-- --------------------------------------------------------

--
-- Table structure for table `job_batches`
--

CREATE TABLE `job_batches` (
  `id` varchar(255) NOT NULL,
  `name` varchar(255) NOT NULL,
  `total_jobs` int(11) NOT NULL,
  `pending_jobs` int(11) NOT NULL,
  `failed_jobs` int(11) NOT NULL,
  `failed_job_ids` longtext NOT NULL,
  `options` mediumtext DEFAULT NULL,
  `cancelled_at` int(11) DEFAULT NULL,
  `created_at` int(11) NOT NULL,
  `finished_at` int(11) DEFAULT NULL
) ENGINE=InnoDB DEFAULT CHARSET=utf8mb4 COLLATE=utf8mb4_unicode_ci;

-- --------------------------------------------------------

--
-- Table structure for table `members`
--

CREATE TABLE `members` (
  `id` bigint(20) UNSIGNED NOT NULL,
  `member_id` varchar(255) DEFAULT NULL,
  `full_name` varchar(255) NOT NULL,
  `cpr_number` varchar(255) NOT NULL,
  `passport_number` varchar(255) DEFAULT NULL,
  `dob` date NOT NULL,
  `gender` varchar(255) NOT NULL,
  `blood_group` varchar(255) DEFAULT NULL,
  `mobile` varchar(255) NOT NULL,
  `address` varchar(255) NOT NULL,
  `occupation` varchar(255) NOT NULL,
  `volunteer_time` varchar(255) DEFAULT NULL,
  `expertise` longtext CHARACTER SET utf8mb4 COLLATE utf8mb4_bin DEFAULT NULL CHECK (json_valid(`expertise`)),
  `bd_contact` varchar(255) DEFAULT NULL,
  `ref_person` varchar(255) DEFAULT NULL,
  `ref_phone` varchar(255) DEFAULT NULL,
  `cpr_front` varchar(255) NOT NULL,
  `cpr_back` varchar(255) NOT NULL,
  `photo` varchar(255) NOT NULL,
  `status` enum('pending','accept','reject') DEFAULT NULL,
  `email` varchar(255) DEFAULT NULL,
  `user_id` bigint(20) UNSIGNED DEFAULT NULL,
  `created_at` timestamp NULL DEFAULT NULL,
  `updated_at` timestamp NULL DEFAULT NULL,
  `bill_type_id` bigint(20) DEFAULT NULL,
  `bill_preiod` char(100) DEFAULT NULL,
  `start_billing_date` date DEFAULT NULL
) ENGINE=InnoDB DEFAULT CHARSET=utf8mb4 COLLATE=utf8mb4_unicode_ci;

--
-- Dumping data for table `members`
--

INSERT INTO `members` (`id`, `member_id`, `full_name`, `cpr_number`, `passport_number`, `dob`, `gender`, `blood_group`, `mobile`, `address`, `occupation`, `volunteer_time`, `expertise`, `bd_contact`, `ref_person`, `ref_phone`, `cpr_front`, `cpr_back`, `photo`, `status`, `email`, `user_id`, `created_at`, `updated_at`, `bill_type_id`, `bill_preiod`, `start_billing_date`) VALUES
(1, '1111', 'Mostofa Shahadat Adnan', '3476767', 'AGB-764763', '1989-05-05', 'Male', 'B+', '01708911990', 'Bahrin Address', 'Manager', '12', '[\"Volunteering\"]', '01708911990', 'adnan', NULL, 'uploads/cpr/AXQHBXJi8Rq2zdZQyczbFsXcHpfzZvShwjmPUsFR.jpg', 'uploads/cpr/GEq20wkbw7mOLs6HxGA0JqdDtH1CHXlydsosKrlZ.jpg', 'uploads/photo/ktreCwVJ6BYsYibtB4Drzl8OWovfIrXISlZzcMdN.jpg', 'accept', 'member@gmail.com', 8, '2025-06-24 13:15:44', '2025-06-28 07:12:53', 1, 'monthly', '2025-06-28'),
(2, NULL, 'adil al nahian', '23545', 'AGV-3476', '1989-01-08', 'Male', 'B+', '0172456789', 'bahrain', 'manager', '1', '[\"Volunteering\"]', '0167832673', 'adnan', NULL, 'uploads/cpr/2ZMCIbxnajsNPfYqXHdquCC42d9opvs3EcYympy1.jpg', 'uploads/cpr/QRm4hba7du3ieYR2jCxOy2Wti2If9IPFtwRk8bUH.jpg', 'uploads/photo/BzZSkYyPskAuF005obmVPqzsrMNoPevNUbA4CYRe.jpg', 'accept', 'member1@gmail.com', 13, '2025-06-24 13:37:58', '2025-06-28 07:12:38', 1, 'monthly', '2025-06-28'),
(3, NULL, 'Adil Al Nahian', '34767346', 'AGB-76334', '1987-06-06', 'Male', 'A+', '01607811889', 'Bahrain', 'Manager', '1', '[\"Volunteering\"]', '017456789', 'adnan', '8784334', 'uploads/cpr/69T9vAeQJdJXxdYL45h2jM92LfK6UF1bnsfaQsNt.jpg', 'uploads/cpr/OTOOQ5ciHd0jUMV41r2jUHaFUu3Nz9xmV383SCDk.jpg', 'uploads/photo/LJwgFu0rjI2KPdx5RK7SUO8GpHk3BH9WBZv8FgUH.jpg', 'accept', 'info@gmail.com', NULL, '2025-06-26 05:53:40', '2025-06-28 07:12:23', 1, 'monthly', '2025-06-28'),
(4, '123123123', 'MD SUMON', '123123123', 'MS123123', '1983-01-01', 'Male', 'O+', '33699727', 'Manama, Bahrain', 'Software Developer and Accountant', 'Any', '[\"Volunteering\",\"LMRA\\/Passport\\/Visa work\"]', '0171111111', 'MD SUMON', '36502040', 'uploads/cpr/OG9tWkU7BfK6BojKAdTfBbPEk4PzoH52GrNQeJFs.png', 'uploads/cpr/vjkP0MEFgh7kwPz2NmDtQsk1Mgql09WlsEhabjoZ.png', 'uploads/photo/LL0Qx4gNxxd6ZdzmKmP9cFgYXX5MCltDT27B1572.png', 'accept', 'muhammadsumon@gmail.com', 12, '2025-06-27 15:51:50', '2025-06-28 07:12:11', 1, 'weekly', '2025-06-28');

-- --------------------------------------------------------

--
-- Table structure for table `migrations`
--

CREATE TABLE `migrations` (
  `id` int(10) UNSIGNED NOT NULL,
  `migration` varchar(255) NOT NULL,
  `batch` int(11) NOT NULL
) ENGINE=InnoDB DEFAULT CHARSET=utf8mb4 COLLATE=utf8mb4_unicode_ci;

--
-- Dumping data for table `migrations`
--

INSERT INTO `migrations` (`id`, `migration`, `batch`) VALUES
(25, '0001_01_01_000000_create_users_table', 1),
(26, '0001_01_01_000001_create_cache_table', 1),
(27, '0001_01_01_000002_create_jobs_table', 1),
(28, '2025_05_22_152031_create_companies_table', 1),
(29, '2025_05_22_154020_create_posts_table', 1),
(30, '2025_05_23_121550_create_page_settings_table', 1),
(31, '2025_06_20_163753_create_sliders_table', 1),
(32, '2025_06_20_163927_create_features_table', 1),
(33, '2025_06_21_055458_create_projects_table', 1),
(34, '2025_06_21_061825_create_gallaries_table', 1),
(35, '2025_06_21_073953_create_faqs_table', 1),
(36, '2025_06_21_142332_create_members_table', 1),
(37, '2025_06_21_171110_create_designations_table', 1),
(40, '2025_06_25_122721_create_payment_gateways_table', 3),
(42, '2025_06_26_094953_create_session_years_table', 5),
(47, '2025_06_26_102010_create_committees_table', 6),
(48, '2025_06_26_102625_create_committee_details_table', 6),
(49, '2025_06_26_132624_create_organizers_table', 6),
(50, '2025_06_27_075104_create_tickets_table', 7),
(51, '2025_06_27_075155_create_ticket_replays_table', 7),
(53, '2025_06_27_151708_create_bill_types_table', 9),
(56, '2025_07_04_024115_create_subscription_types_table', 11),
(57, '2025_07_04_041346_create_subscriptions_table', 11),
(59, '2025_06_27_155505_create_invoices_table', 12),
(60, '2025_10_01_091942_create_expense_types_table', 13),
(62, '2025_10_05_100432_create_transactions_table', 13),
(63, '2025_07_09_144336_create_income_types_table', 14),
(65, '2025_07_09_144404_create_incomes_table', 15),
(66, '2025_07_10_012635_create_fixed_assets_table', 15),
(67, '2025_10_02_090006_create_expenses_table', 15),
(68, '2025_07_10_053709_create_activity_logs_table', 16),
(71, '2025_06_24_181013_create_donationrequests_table', 17),
(72, '2025_06_25_112142_create_donations_table', 17),
(73, '2025_08_06_142331_create_program_permissions_table', 17);

-- --------------------------------------------------------

--
-- Table structure for table `organizers`
--

CREATE TABLE `organizers` (
  `id` bigint(20) UNSIGNED NOT NULL,
  `organize_id` char(255) DEFAULT NULL,
  `full_name` varchar(255) DEFAULT NULL,
  `organization_name` varchar(255) DEFAULT NULL,
  `registration_number` varchar(255) DEFAULT NULL,
  `organization_type` varchar(255) DEFAULT NULL,
  `est_date` date DEFAULT NULL,
  `mobile` varchar(255) DEFAULT NULL,
  `email` varchar(255) DEFAULT NULL,
  `website` varchar(255) DEFAULT NULL,
  `address` text DEFAULT NULL,
  `logo` varchar(255) DEFAULT NULL,
  `is_approved` tinyint(1) NOT NULL DEFAULT 0,
  `status` enum('pending','accept','reject') DEFAULT NULL,
  `user_id` bigint(20) UNSIGNED DEFAULT NULL,
  `subscription_id` bigint(20) DEFAULT NULL,
  `created_at` timestamp NULL DEFAULT NULL,
  `updated_at` timestamp NULL DEFAULT NULL
) ENGINE=InnoDB DEFAULT CHARSET=utf8mb4 COLLATE=utf8mb4_unicode_ci;

--
-- Dumping data for table `organizers`
--

INSERT INTO `organizers` (`id`, `organize_id`, `full_name`, `organization_name`, `registration_number`, `organization_type`, `est_date`, `mobile`, `email`, `website`, `address`, `logo`, `is_approved`, `status`, `user_id`, `subscription_id`, `created_at`, `updated_at`) VALUES
(1, '34678934', 'Mostofa Shahadat Adnan', 'Social Society Organization Ltd', '3747346', 'Club', '2025-06-12', '01708911990', 'info@gmail.com', NULL, 'sylhet', 'uploads/organizer_logos/Sq86czIGorIL3v7Miy0r4khkf57rKDhVOvpgYOIK.png', 0, 'accept', 9, NULL, '2025-06-26 15:31:35', '2025-06-26 15:32:00'),
(2, '92295651', 'Sadia Sultana', 'Samaj Kollan Songsta,Sylhet', '34767465', 'Company', '2023-01-01', '01708911990', 'org1@gmail.com', NULL, '367, Rangdonu, Nobarun,Sunar para.', 'uploads/organizer_logos/oy54dnzy6Mi0behQ7hTcDLD9xQvhcUiLm8Q09259.png', 0, 'accept', 11, NULL, '2025-06-27 12:35:12', '2025-06-27 12:37:31');

-- --------------------------------------------------------

--
-- Table structure for table `page_settings`
--

CREATE TABLE `page_settings` (
  `id` bigint(20) UNSIGNED NOT NULL,
  `page_type` enum('home','about','project','event','blog','team','galary','contact','social') NOT NULL,
  `data` longtext CHARACTER SET utf8mb4 COLLATE utf8mb4_bin DEFAULT NULL CHECK (json_valid(`data`)),
  `created_at` timestamp NULL DEFAULT NULL,
  `updated_at` timestamp NULL DEFAULT NULL
) ENGINE=InnoDB DEFAULT CHARSET=utf8mb4 COLLATE=utf8mb4_unicode_ci;

--
-- Dumping data for table `page_settings`
--

INSERT INTO `page_settings` (`id`, `page_type`, `data`, `created_at`, `updated_at`) VALUES
(1, 'contact', '{\"meta_title\":null,\"short_message\":null,\"meta_description\":null,\"meta_keywords\":null,\"meta_tags\":null,\"mobile\":\"+8801708911990\",\"email\":\"info@bdsocitybh.com\",\"address\":\"Manama, Kingdom of Bahrain\",\"google_map\":null,\"cover_image\":null}', '2025-06-21 14:05:07', '2025-06-21 14:38:52'),
(2, 'about', '{\"meta_title\":null,\"about_us\":null,\"meta_description\":null,\"meta_keywords\":null,\"meta_tags\":null,\"cover_image\":\"cover-1760717457.jpg\"}', '2025-10-17 16:10:57', '2025-10-17 16:10:57');

-- --------------------------------------------------------

--
-- Table structure for table `payment_gateways`
--

CREATE TABLE `payment_gateways` (
  `id` bigint(20) UNSIGNED NOT NULL,
  `gateway_type` enum('Mobile Bank','Bank') NOT NULL DEFAULT 'Bank',
  `company_name` varchar(255) DEFAULT NULL,
  `account_name` varchar(255) DEFAULT NULL,
  `account_number` varchar(255) DEFAULT NULL,
  `bank_name` varchar(255) DEFAULT NULL,
  `branch_name` varchar(255) DEFAULT NULL,
  `routing_number` varchar(255) DEFAULT NULL,
  `mobile_number` varchar(255) DEFAULT NULL,
  `gateway_description` varchar(255) DEFAULT NULL,
  `is_active` tinyint(1) NOT NULL DEFAULT 1,
  `organizer_id` bigint(20) DEFAULT NULL,
  `created_at` timestamp NULL DEFAULT NULL,
  `updated_at` timestamp NULL DEFAULT NULL
) ENGINE=InnoDB DEFAULT CHARSET=utf8mb4 COLLATE=utf8mb4_unicode_ci;

--
-- Dumping data for table `payment_gateways`
--

INSERT INTO `payment_gateways` (`id`, `gateway_type`, `company_name`, `account_name`, `account_number`, `bank_name`, `branch_name`, `routing_number`, `mobile_number`, `gateway_description`, `is_active`, `organizer_id`, `created_at`, `updated_at`) VALUES
(1, 'Bank', NULL, 'Bangladesh Cultural & Social Society-BCSS', '374637647', 'DBBL', 'DHAKA', '754646', NULL, NULL, 1, NULL, '2025-06-25 12:13:56', '2025-06-25 12:13:56'),
(2, 'Mobile Bank', 'Bkash', NULL, NULL, NULL, NULL, NULL, '01708911990', NULL, 1, NULL, '2025-06-25 12:15:40', '2025-06-25 12:15:40');

-- --------------------------------------------------------

--
-- Table structure for table `posts`
--

CREATE TABLE `posts` (
  `id` bigint(20) UNSIGNED NOT NULL,
  `title` varchar(255) DEFAULT NULL,
  `publish_date` varchar(255) DEFAULT NULL,
  `publish_by` varchar(255) DEFAULT NULL,
  `meta_description` text DEFAULT NULL,
  `meta_tag` text DEFAULT NULL,
  `image` varchar(255) DEFAULT NULL,
  `post_category` enum('news','blog','about us','client review','event') NOT NULL DEFAULT 'news',
  `slug` text DEFAULT NULL,
  `created_at` timestamp NULL DEFAULT NULL,
  `updated_at` timestamp NULL DEFAULT NULL
) ENGINE=InnoDB DEFAULT CHARSET=utf8mb4 COLLATE=utf8mb4_unicode_ci;

--
-- Dumping data for table `posts`
--

INSERT INTO `posts` (`id`, `title`, `publish_date`, `publish_by`, `meta_description`, `meta_tag`, `image`, `post_category`, `slug`, `created_at`, `updated_at`) VALUES
(4, 'about us One', '2025-06-21', 'Mostofa Shahadat', NULL, NULL, NULL, 'about us', 'about-us-one', '2025-06-21 14:09:03', '2025-06-21 14:09:03'),
(5, 'event One', '2025-06-21', 'Mostofa Shahadat', NULL, NULL, 'post-1750536615.jpg', 'event', 'event-one', '2025-06-21 14:10:15', '2025-06-21 14:10:15'),
(6, 'event two', '2025-06-21', 'Mostofa Shahadat', NULL, NULL, 'post-1750536646.png', 'event', 'event-two', '2025-06-21 14:10:46', '2025-06-21 14:10:46'),
(7, 'Event three', '2025-06-21', 'Mostofa Shahadat', NULL, NULL, 'post-1750536671.png', 'event', 'event-three', '2025-06-21 14:11:11', '2025-06-21 14:11:11'),
(8, 'Testing', '2025-06-21', 'Mostofa Shahadat', 'yy', 'tt', 'post-1750538938.jpg', 'event', 'testing', '2025-06-21 14:48:58', '2025-06-21 14:48:58');

-- --------------------------------------------------------

--
-- Table structure for table `program_permissions`
--

CREATE TABLE `program_permissions` (
  `id` bigint(20) UNSIGNED NOT NULL,
  `organizer_id` bigint(20) UNSIGNED NOT NULL,
  `event_date` date NOT NULL,
  `event_title` date NOT NULL,
  `event_vanue` varchar(255) DEFAULT NULL,
  `description` text DEFAULT NULL,
  `created_at` timestamp NULL DEFAULT NULL,
  `updated_at` timestamp NULL DEFAULT NULL
) ENGINE=InnoDB DEFAULT CHARSET=utf8mb4 COLLATE=utf8mb4_unicode_ci;

-- --------------------------------------------------------

--
-- Table structure for table `projects`
--

CREATE TABLE `projects` (
  `id` bigint(20) UNSIGNED NOT NULL,
  `name` varchar(255) DEFAULT NULL,
  `slug` varchar(255) DEFAULT NULL,
  `publish_date` varchar(255) DEFAULT NULL,
  `publish_by` varchar(255) DEFAULT NULL,
  `meta_description` text DEFAULT NULL,
  `meta_tag` text DEFAULT NULL,
  `image` varchar(255) DEFAULT NULL,
  `created_at` timestamp NULL DEFAULT NULL,
  `updated_at` timestamp NULL DEFAULT NULL
) ENGINE=InnoDB DEFAULT CHARSET=utf8mb4 COLLATE=utf8mb4_unicode_ci;

--
-- Dumping data for table `projects`
--

INSERT INTO `projects` (`id`, `name`, `slug`, `publish_date`, `publish_by`, `meta_description`, `meta_tag`, `image`, `created_at`, `updated_at`) VALUES
(1, 'Project One', 'project-one', NULL, NULL, NULL, NULL, 'project-1750536723.png', '2025-06-21 14:12:03', '2025-06-21 14:12:03'),
(2, 'Project two', 'project-two', NULL, NULL, NULL, NULL, 'project-1750536758.png', '2025-06-21 14:12:38', '2025-06-21 14:12:38'),
(3, 'Project three', 'project-three', NULL, NULL, NULL, NULL, 'project-1750536789.png', '2025-06-21 14:13:09', '2025-06-21 14:13:09');

-- --------------------------------------------------------

--
-- Table structure for table `sessions`
--

CREATE TABLE `sessions` (
  `id` varchar(255) NOT NULL,
  `user_id` bigint(20) UNSIGNED DEFAULT NULL,
  `ip_address` varchar(45) DEFAULT NULL,
  `user_agent` text DEFAULT NULL,
  `payload` longtext NOT NULL,
  `last_activity` int(11) NOT NULL
) ENGINE=InnoDB DEFAULT CHARSET=utf8mb4 COLLATE=utf8mb4_unicode_ci;

-- --------------------------------------------------------

--
-- Table structure for table `session_years`
--

CREATE TABLE `session_years` (
  `id` bigint(20) UNSIGNED NOT NULL,
  `start_month` varchar(255) DEFAULT NULL,
  `start_year` int(11) DEFAULT NULL,
  `end_month` varchar(255) DEFAULT NULL,
  `end_year` int(11) DEFAULT NULL,
  `session` varchar(255) DEFAULT NULL,
  `is_active` tinyint(1) DEFAULT NULL,
  `created_at` timestamp NULL DEFAULT NULL,
  `updated_at` timestamp NULL DEFAULT NULL
) ENGINE=InnoDB DEFAULT CHARSET=utf8mb4 COLLATE=utf8mb4_unicode_ci;

--
-- Dumping data for table `session_years`
--

INSERT INTO `session_years` (`id`, `start_month`, `start_year`, `end_month`, `end_year`, `session`, `is_active`, `created_at`, `updated_at`) VALUES
(1, 'January', 2025, 'December', 2025, 'January-2025 to December-2025', 1, '2025-06-26 05:50:39', '2025-06-26 05:50:39'),
(2, 'January', 2026, 'December', 2026, 'January-2026 to December-2026', 0, '2025-06-26 05:50:54', '2025-06-26 05:50:54');

-- --------------------------------------------------------

--
-- Table structure for table `sliders`
--

CREATE TABLE `sliders` (
  `id` bigint(20) UNSIGNED NOT NULL,
  `title` varchar(255) DEFAULT NULL,
  `image` varchar(255) DEFAULT NULL,
  `description` text DEFAULT NULL,
  `created_at` timestamp NULL DEFAULT NULL,
  `updated_at` timestamp NULL DEFAULT NULL
) ENGINE=InnoDB DEFAULT CHARSET=utf8mb4 COLLATE=utf8mb4_unicode_ci;

--
-- Dumping data for table `sliders`
--

INSERT INTO `sliders` (`id`, `title`, `image`, `description`, `created_at`, `updated_at`) VALUES
(8, 'Together, We Stand For Humanity and for the people', 'slider-1760722201-0.jpg', 'Lorem Ipsum is slechts een proeftekst uit het drukkerij- en zetterijwezen. Lorem Ipsum is de standaard proeftekst', '2025-10-17 17:30:01', '2025-10-17 17:30:01');

-- --------------------------------------------------------

--
-- Table structure for table `subscriptions`
--

CREATE TABLE `subscriptions` (
  `id` bigint(20) UNSIGNED NOT NULL,
  `organizer_id` bigint(20) UNSIGNED DEFAULT NULL,
  `subscription_type_id` bigint(20) UNSIGNED DEFAULT NULL,
  `start_date` date NOT NULL,
  `end_date` date NOT NULL,
  `status` enum('active','canceled','expired','past_due') NOT NULL DEFAULT 'active',
  `last_payment_date` date DEFAULT NULL,
  `next_payment_date` date DEFAULT NULL,
  `created_at` timestamp NULL DEFAULT NULL,
  `updated_at` timestamp NULL DEFAULT NULL
) ENGINE=InnoDB DEFAULT CHARSET=utf8mb4 COLLATE=utf8mb4_unicode_ci;

--
-- Dumping data for table `subscriptions`
--

INSERT INTO `subscriptions` (`id`, `organizer_id`, `subscription_type_id`, `start_date`, `end_date`, `status`, `last_payment_date`, `next_payment_date`, `created_at`, `updated_at`) VALUES
(1, 1, 2, '2025-07-05', '2025-08-05', 'active', NULL, '2025-07-05', '2025-07-04 21:56:11', '2025-07-04 21:56:11');

-- --------------------------------------------------------

--
-- Table structure for table `subscription_types`
--

CREATE TABLE `subscription_types` (
  `id` bigint(20) UNSIGNED NOT NULL,
  `name` varchar(255) DEFAULT NULL,
  `period` varchar(255) DEFAULT NULL,
  `amount` decimal(12,2) NOT NULL,
  `status` enum('active','inactive') DEFAULT NULL,
  `created_at` timestamp NULL DEFAULT NULL,
  `updated_at` timestamp NULL DEFAULT NULL
) ENGINE=InnoDB DEFAULT CHARSET=utf8mb4 COLLATE=utf8mb4_unicode_ci;

--
-- Dumping data for table `subscription_types`
--

INSERT INTO `subscription_types` (`id`, `name`, `period`, `amount`, `status`, `created_at`, `updated_at`) VALUES
(1, 'Weekly', 'weekly', 1200.00, 'active', '2025-07-04 21:54:51', '2025-07-04 21:54:51'),
(2, 'Monthly', 'monthly', 2000.00, 'active', '2025-07-04 21:55:11', '2025-07-04 21:55:11'),
(3, 'Yearly', 'yearly', 3000.00, 'active', '2025-07-04 21:55:37', '2025-07-04 21:55:37');

-- --------------------------------------------------------

--
-- Table structure for table `tickets`
--

CREATE TABLE `tickets` (
  `id` bigint(20) UNSIGNED NOT NULL,
  `ticket_number` varchar(20) NOT NULL,
  `name` varchar(255) NOT NULL,
  `mobile` varchar(255) DEFAULT NULL,
  `email` varchar(255) DEFAULT NULL,
  `address` varchar(255) DEFAULT NULL,
  `subject` varchar(255) NOT NULL,
  `details` text NOT NULL,
  `status` enum('open','closed') NOT NULL DEFAULT 'open',
  `user_id` bigint(20) UNSIGNED DEFAULT NULL,
  `created_at` timestamp NULL DEFAULT NULL,
  `updated_at` timestamp NULL DEFAULT NULL
) ENGINE=InnoDB DEFAULT CHARSET=utf8mb4 COLLATE=utf8mb4_unicode_ci;

--
-- Dumping data for table `tickets`
--

INSERT INTO `tickets` (`id`, `ticket_number`, `name`, `mobile`, `email`, `address`, `subject`, `details`, `status`, `user_id`, `created_at`, `updated_at`) VALUES
(1, '7948480908', 'Mostofa Shahadat Adnan', '01708911990', 'info@gmail.com', '367 Chowdhury, Nobarun, Sunar Para, Sylhet', 'Please Help', 'Contrary to popular belief, Lorem Ipsum is not simply random text. It has roots in a piece of classical Latin literature from 45 BC, making it over 2000 years old. Richard McClintock, a Latin professor at Hampden-Sydney College in Virginia, looked up one of the more obscure Latin words, consectetur, from a Lorem Ipsum passage, and going through the cites of the word in classical literature, discovered the undoubtable source. Lorem Ipsum comes from sections 1.10.32 and 1.10.33 of \"de Finibus Bonorum et Malorum\" (The Extremes of Good and Evil) by Cicero, written in 45 BC. This book is a treatise on the theory of ethics, very popular during the Renaissance. The first line of Lorem Ipsum', 'open', NULL, '2025-06-27 05:15:25', '2025-06-27 05:15:25'),
(2, '1315145034', 'Sadia Sultana', '01708911990', 'sadia1998@gmail.com', 'sylhet', 'Please Help me', 'Lorem Ipsum is simply dummy text of the printing and typesetting industry. Lorem Ipsum has been the industry\'s standard dummy text ever since the 1500s, when an unknown printer took a galley of type and scrambled it to make a type specimen book. It has survived not only five centuries, but also the leap into electronic typesetting, remaining essentially unchanged. It was popularised in the 1960s with the release of Letraset sheets containing Lorem Ipsum passages, and more recently with desktop publishin', 'open', NULL, '2025-06-27 12:56:14', '2025-06-27 12:56:14'),
(3, '9732267354', 'adnan', '01708911900', 'msa.cse.metro1900@gmail.com', 'sylhet', 'hat is Lorem Ipsum?', 'hat is Lorem Ipsum?\r\nLorem Ipsum is simply dummy text of the printing and typesetting industry. Lorem Ipsum has been the industry\'s standard dummy text ever since the 1500s, when an unknown printer took a galley of type and scrambled it to make a type specimen book. It has', 'open', NULL, '2025-07-12 16:45:35', '2025-07-12 16:45:35');

-- --------------------------------------------------------

--
-- Table structure for table `ticket_replays`
--

CREATE TABLE `ticket_replays` (
  `id` bigint(20) UNSIGNED NOT NULL,
  `ticket_id` bigint(20) UNSIGNED NOT NULL,
  `date` date DEFAULT NULL,
  `reply_text` text NOT NULL,
  `replied_by` enum('admin','user') NOT NULL,
  `user_id` bigint(20) UNSIGNED DEFAULT NULL,
  `attachment` varchar(255) DEFAULT NULL,
  `replay_by` bigint(20) UNSIGNED DEFAULT NULL,
  `is_admin` tinyint(1) NOT NULL DEFAULT 0,
  `created_at` timestamp NULL DEFAULT NULL,
  `updated_at` timestamp NULL DEFAULT NULL
) ENGINE=InnoDB DEFAULT CHARSET=utf8mb4 COLLATE=utf8mb4_unicode_ci;

--
-- Dumping data for table `ticket_replays`
--

INSERT INTO `ticket_replays` (`id`, `ticket_id`, `date`, `reply_text`, `replied_by`, `user_id`, `attachment`, `replay_by`, `is_admin`, `created_at`, `updated_at`) VALUES
(1, 1, '2025-06-27', 'Thank You for your Application. we will let know in further process.', 'admin', NULL, NULL, 1, 1, '2025-06-27 05:16:54', '2025-06-27 05:16:54'),
(2, 1, '2025-06-27', 'Ok. Thank You', 'user', NULL, NULL, NULL, 0, '2025-06-27 05:17:12', '2025-06-27 05:17:12'),
(3, 2, '2025-06-27', 'Lorem Ipsum is simply dummy text', 'user', NULL, NULL, NULL, 0, '2025-06-27 12:56:41', '2025-06-27 12:56:41'),
(4, 2, NULL, 'Lorem Ipsum is simply dummy text  .Lorem Ipsum is simply dummy text', 'admin', NULL, NULL, NULL, 1, '2025-06-27 12:57:00', '2025-06-27 12:57:00'),
(5, 1, NULL, 'hi', 'admin', NULL, NULL, NULL, 1, '2025-06-27 14:15:05', '2025-06-27 14:15:05'),
(6, 1, NULL, 'ok', 'admin', NULL, NULL, NULL, 1, '2025-06-27 14:15:12', '2025-06-27 14:15:12'),
(7, 1, NULL, 'test', 'admin', NULL, NULL, NULL, 1, '2025-06-27 14:15:19', '2025-06-27 14:15:19'),
(8, 3, '2025-07-12', 'sdsd', 'user', NULL, NULL, NULL, 0, '2025-07-12 16:45:45', '2025-07-12 16:45:45'),
(9, 1, NULL, 'asas', 'admin', NULL, NULL, NULL, 1, '2025-07-12 16:46:13', '2025-07-12 16:46:13'),
(10, 3, NULL, 'aasas', 'admin', NULL, NULL, NULL, 1, '2025-07-12 16:46:25', '2025-07-12 16:46:25');

-- --------------------------------------------------------

--
-- Table structure for table `transactions`
--

CREATE TABLE `transactions` (
  `id` bigint(20) UNSIGNED NOT NULL,
  `branch_id` bigint(20) UNSIGNED DEFAULT NULL,
  `account_id` bigint(20) UNSIGNED DEFAULT NULL,
  `member_id` bigint(20) UNSIGNED DEFAULT NULL,
  `organizer_id` bigint(20) UNSIGNED DEFAULT NULL,
  `operation_id` bigint(20) UNSIGNED DEFAULT NULL,
  `voucher_no` varchar(255) DEFAULT NULL,
  `trn_no` varchar(255) DEFAULT NULL,
  `date` varchar(255) DEFAULT NULL,
  `account_operation` enum('recieved','payment') NOT NULL DEFAULT 'recieved',
  `type` enum('member fee','subscription fee','invcome','expense','refund','transfer') NOT NULL DEFAULT 'member fee',
  `account_type` enum('credit','debit') NOT NULL,
  `amount` double NOT NULL DEFAULT 0,
  `remark` varchar(255) DEFAULT NULL,
  `recieved_by` varchar(255) DEFAULT NULL,
  `created_by` bigint(20) UNSIGNED DEFAULT NULL,
  `updated_by` bigint(20) UNSIGNED DEFAULT NULL,
  `btanch_id` bigint(20) UNSIGNED DEFAULT NULL,
  `created_at` timestamp NULL DEFAULT NULL,
  `updated_at` timestamp NULL DEFAULT NULL
) ENGINE=InnoDB DEFAULT CHARSET=utf8mb4 COLLATE=utf8mb4_unicode_ci;

--
-- Indexes for dumped tables
--

--
-- Indexes for table `activity_logs`
--
ALTER TABLE `activity_logs`
  ADD PRIMARY KEY (`id`);

--
-- Indexes for table `bill_types`
--
ALTER TABLE `bill_types`
  ADD PRIMARY KEY (`id`);

--
-- Indexes for table `committee_details`
--
ALTER TABLE `committee_details`
  ADD PRIMARY KEY (`id`);

--
-- Indexes for table `companies`
--
ALTER TABLE `companies`
  ADD PRIMARY KEY (`id`);

--
-- Indexes for table `designations`
--
ALTER TABLE `designations`
  ADD PRIMARY KEY (`id`);

--
-- Indexes for table `donationrequests`
--
ALTER TABLE `donationrequests`
  ADD PRIMARY KEY (`id`);

--
-- Indexes for table `donations`
--
ALTER TABLE `donations`
  ADD PRIMARY KEY (`id`),
  ADD UNIQUE KEY `donations_invoice_no_unique` (`invoice_no`);

--
-- Indexes for table `expenses`
--
ALTER TABLE `expenses`
  ADD PRIMARY KEY (`id`);

--
-- Indexes for table `expense_types`
--
ALTER TABLE `expense_types`
  ADD PRIMARY KEY (`id`);

--
-- Indexes for table `failed_jobs`
--
ALTER TABLE `failed_jobs`
  ADD PRIMARY KEY (`id`),
  ADD UNIQUE KEY `failed_jobs_uuid_unique` (`uuid`);

--
-- Indexes for table `faqs`
--
ALTER TABLE `faqs`
  ADD PRIMARY KEY (`id`);

--
-- Indexes for table `features`
--
ALTER TABLE `features`
  ADD PRIMARY KEY (`id`);

--
-- Indexes for table `fixed_assets`
--
ALTER TABLE `fixed_assets`
  ADD PRIMARY KEY (`id`);

--
-- Indexes for table `gallaries`
--
ALTER TABLE `gallaries`
  ADD PRIMARY KEY (`id`);

--
-- Indexes for table `incomes`
--
ALTER TABLE `incomes`
  ADD PRIMARY KEY (`id`),
  ADD KEY `incomes_income_type_id_foreign` (`income_type_id`);

--
-- Indexes for table `income_types`
--
ALTER TABLE `income_types`
  ADD PRIMARY KEY (`id`);

--
-- Indexes for table `invoices`
--
ALTER TABLE `invoices`
  ADD PRIMARY KEY (`id`),
  ADD UNIQUE KEY `invoices_invoice_no_unique` (`invoice_no`);

--
-- Indexes for table `jobs`
--
ALTER TABLE `jobs`
  ADD PRIMARY KEY (`id`),
  ADD KEY `jobs_queue_index` (`queue`);

--
-- Indexes for table `job_batches`
--
ALTER TABLE `job_batches`
  ADD PRIMARY KEY (`id`);

--
-- Indexes for table `members`
--
ALTER TABLE `members`
  ADD PRIMARY KEY (`id`),
  ADD UNIQUE KEY `members_cpr_number_unique` (`cpr_number`);

--
-- Indexes for table `migrations`
--
ALTER TABLE `migrations`
  ADD PRIMARY KEY (`id`);

--
-- Indexes for table `organizers`
--
ALTER TABLE `organizers`
  ADD PRIMARY KEY (`id`);

--
-- Indexes for table `page_settings`
--
ALTER TABLE `page_settings`
  ADD PRIMARY KEY (`id`);

--
-- Indexes for table `payment_gateways`
--
ALTER TABLE `payment_gateways`
  ADD PRIMARY KEY (`id`),
  ADD UNIQUE KEY `payment_gateways_account_number_unique` (`account_number`);

--
-- Indexes for table `posts`
--
ALTER TABLE `posts`
  ADD PRIMARY KEY (`id`);

--
-- Indexes for table `program_permissions`
--
ALTER TABLE `program_permissions`
  ADD PRIMARY KEY (`id`);

--
-- Indexes for table `projects`
--
ALTER TABLE `projects`
  ADD PRIMARY KEY (`id`);

--
-- Indexes for table `sessions`
--
ALTER TABLE `sessions`
  ADD PRIMARY KEY (`id`),
  ADD KEY `sessions_user_id_index` (`user_id`),
  ADD KEY `sessions_last_activity_index` (`last_activity`);

--
-- Indexes for table `session_years`
--
ALTER TABLE `session_years`
  ADD PRIMARY KEY (`id`);

--
-- Indexes for table `sliders`
--
ALTER TABLE `sliders`
  ADD PRIMARY KEY (`id`);

--
-- Indexes for table `subscriptions`
--
ALTER TABLE `subscriptions`
  ADD PRIMARY KEY (`id`);

--
-- Indexes for table `subscription_types`
--
ALTER TABLE `subscription_types`
  ADD PRIMARY KEY (`id`);

--
-- Indexes for table `tickets`
--
ALTER TABLE `tickets`
  ADD PRIMARY KEY (`id`),
  ADD UNIQUE KEY `tickets_ticket_number_unique` (`ticket_number`);

--
-- Indexes for table `ticket_replays`
--
ALTER TABLE `ticket_replays`
  ADD PRIMARY KEY (`id`);

--
-- Indexes for table `transactions`
--
ALTER TABLE `transactions`
  ADD PRIMARY KEY (`id`);

--
-- AUTO_INCREMENT for dumped tables
--

--
-- AUTO_INCREMENT for table `activity_logs`
--
ALTER TABLE `activity_logs`
  MODIFY `id` bigint(20) UNSIGNED NOT NULL AUTO_INCREMENT, AUTO_INCREMENT=55;

--
-- AUTO_INCREMENT for table `bill_types`
--
ALTER TABLE `bill_types`
  MODIFY `id` bigint(20) UNSIGNED NOT NULL AUTO_INCREMENT, AUTO_INCREMENT=2;

--
-- AUTO_INCREMENT for table `committee_details`
--
ALTER TABLE `committee_details`
  MODIFY `id` bigint(20) UNSIGNED NOT NULL AUTO_INCREMENT, AUTO_INCREMENT=11;

--
-- AUTO_INCREMENT for table `companies`
--
ALTER TABLE `companies`
  MODIFY `id` bigint(20) UNSIGNED NOT NULL AUTO_INCREMENT, AUTO_INCREMENT=2;

--
-- AUTO_INCREMENT for table `designations`
--
ALTER TABLE `designations`
  MODIFY `id` bigint(20) UNSIGNED NOT NULL AUTO_INCREMENT, AUTO_INCREMENT=7;

--
-- AUTO_INCREMENT for table `donationrequests`
--
ALTER TABLE `donationrequests`
  MODIFY `id` bigint(20) UNSIGNED NOT NULL AUTO_INCREMENT, AUTO_INCREMENT=3;

--
-- AUTO_INCREMENT for table `donations`
--
ALTER TABLE `donations`
  MODIFY `id` bigint(20) UNSIGNED NOT NULL AUTO_INCREMENT, AUTO_INCREMENT=3;

--
-- AUTO_INCREMENT for table `expenses`
--
ALTER TABLE `expenses`
  MODIFY `id` bigint(20) UNSIGNED NOT NULL AUTO_INCREMENT;

--
-- AUTO_INCREMENT for table `expense_types`
--
ALTER TABLE `expense_types`
  MODIFY `id` bigint(20) UNSIGNED NOT NULL AUTO_INCREMENT, AUTO_INCREMENT=3;

--
-- AUTO_INCREMENT for table `failed_jobs`
--
ALTER TABLE `failed_jobs`
  MODIFY `id` bigint(20) UNSIGNED NOT NULL AUTO_INCREMENT;

--
-- AUTO_INCREMENT for table `faqs`
--
ALTER TABLE `faqs`
  MODIFY `id` bigint(20) UNSIGNED NOT NULL AUTO_INCREMENT, AUTO_INCREMENT=4;

--
-- AUTO_INCREMENT for table `features`
--
ALTER TABLE `features`
  MODIFY `id` bigint(20) UNSIGNED NOT NULL AUTO_INCREMENT, AUTO_INCREMENT=9;

--
-- AUTO_INCREMENT for table `fixed_assets`
--
ALTER TABLE `fixed_assets`
  MODIFY `id` bigint(20) UNSIGNED NOT NULL AUTO_INCREMENT;

--
-- AUTO_INCREMENT for table `gallaries`
--
ALTER TABLE `gallaries`
  MODIFY `id` bigint(20) UNSIGNED NOT NULL AUTO_INCREMENT, AUTO_INCREMENT=34;

--
-- AUTO_INCREMENT for table `incomes`
--
ALTER TABLE `incomes`
  MODIFY `id` bigint(20) UNSIGNED NOT NULL AUTO_INCREMENT;

--
-- AUTO_INCREMENT for table `income_types`
--
ALTER TABLE `income_types`
  MODIFY `id` bigint(20) UNSIGNED NOT NULL AUTO_INCREMENT, AUTO_INCREMENT=2;

--
-- AUTO_INCREMENT for table `invoices`
--
ALTER TABLE `invoices`
  MODIFY `id` bigint(20) UNSIGNED NOT NULL AUTO_INCREMENT, AUTO_INCREMENT=5;

--
-- AUTO_INCREMENT for table `jobs`
--
ALTER TABLE `jobs`
  MODIFY `id` bigint(20) UNSIGNED NOT NULL AUTO_INCREMENT;

--
-- AUTO_INCREMENT for table `members`
--
ALTER TABLE `members`
  MODIFY `id` bigint(20) UNSIGNED NOT NULL AUTO_INCREMENT, AUTO_INCREMENT=5;

--
-- AUTO_INCREMENT for table `migrations`
--
ALTER TABLE `migrations`
  MODIFY `id` int(10) UNSIGNED NOT NULL AUTO_INCREMENT, AUTO_INCREMENT=74;

--
-- AUTO_INCREMENT for table `organizers`
--
ALTER TABLE `organizers`
  MODIFY `id` bigint(20) UNSIGNED NOT NULL AUTO_INCREMENT, AUTO_INCREMENT=3;

--
-- AUTO_INCREMENT for table `page_settings`
--
ALTER TABLE `page_settings`
  MODIFY `id` bigint(20) UNSIGNED NOT NULL AUTO_INCREMENT, AUTO_INCREMENT=3;

--
-- AUTO_INCREMENT for table `payment_gateways`
--
ALTER TABLE `payment_gateways`
  MODIFY `id` bigint(20) UNSIGNED NOT NULL AUTO_INCREMENT, AUTO_INCREMENT=3;

--
-- AUTO_INCREMENT for table `posts`
--
ALTER TABLE `posts`
  MODIFY `id` bigint(20) UNSIGNED NOT NULL AUTO_INCREMENT, AUTO_INCREMENT=9;

--
-- AUTO_INCREMENT for table `program_permissions`
--
ALTER TABLE `program_permissions`
  MODIFY `id` bigint(20) UNSIGNED NOT NULL AUTO_INCREMENT;

--
-- AUTO_INCREMENT for table `projects`
--
ALTER TABLE `projects`
  MODIFY `id` bigint(20) UNSIGNED NOT NULL AUTO_INCREMENT, AUTO_INCREMENT=4;

--
-- AUTO_INCREMENT for table `session_years`
--
ALTER TABLE `session_years`
  MODIFY `id` bigint(20) UNSIGNED NOT NULL AUTO_INCREMENT, AUTO_INCREMENT=3;

--
-- AUTO_INCREMENT for table `sliders`
--
ALTER TABLE `sliders`
  MODIFY `id` bigint(20) UNSIGNED NOT NULL AUTO_INCREMENT, AUTO_INCREMENT=9;

--
-- AUTO_INCREMENT for table `subscriptions`
--
ALTER TABLE `subscriptions`
  MODIFY `id` bigint(20) UNSIGNED NOT NULL AUTO_INCREMENT, AUTO_INCREMENT=2;

--
-- AUTO_INCREMENT for table `subscription_types`
--
ALTER TABLE `subscription_types`
  MODIFY `id` bigint(20) UNSIGNED NOT NULL AUTO_INCREMENT, AUTO_INCREMENT=4;

--
-- AUTO_INCREMENT for table `tickets`
--
ALTER TABLE `tickets`
  MODIFY `id` bigint(20) UNSIGNED NOT NULL AUTO_INCREMENT, AUTO_INCREMENT=4;

--
-- AUTO_INCREMENT for table `ticket_replays`
--
ALTER TABLE `ticket_replays`
  MODIFY `id` bigint(20) UNSIGNED NOT NULL AUTO_INCREMENT, AUTO_INCREMENT=11;

--
-- AUTO_INCREMENT for table `transactions`
--
ALTER TABLE `transactions`
  MODIFY `id` bigint(20) UNSIGNED NOT NULL AUTO_INCREMENT;

--
-- Constraints for dumped tables
--

--
-- Constraints for table `incomes`
--
ALTER TABLE `incomes`
  ADD CONSTRAINT `incomes_income_type_id_foreign` FOREIGN KEY (`income_type_id`) REFERENCES `income_types` (`id`);
COMMIT;

